{"version":"1.0","provider_name":"IAM Independent Asset Management","provider_url":"https:\/\/www.iam.ch\/de\/","title":"\u00abAuf Wiedersehen\u00bb zu Kristof Goddaert - IAM Independent Asset Management","type":"rich","width":600,"height":338,"html":"<blockquote class=\"wp-embedded-content\" data-secret=\"1rYXTlFyxV\"><a href=\"https:\/\/www.iam.ch\/de\/sponsoring\/iamcycling\/allnews\/auf-wiedersehen-zu-kristof-goddaert\/\">\u00abAuf Wiedersehen\u00bb zu Kristof Goddaert<\/a><\/blockquote><iframe sandbox=\"allow-scripts\" security=\"restricted\" src=\"https:\/\/www.iam.ch\/de\/sponsoring\/iamcycling\/allnews\/auf-wiedersehen-zu-kristof-goddaert\/embed\/#?secret=1rYXTlFyxV\" width=\"600\" height=\"338\" title=\"&#8220;\u00abAuf Wiedersehen\u00bb zu Kristof Goddaert&#8221; &#8212; IAM Independent Asset Management\" data-secret=\"1rYXTlFyxV\" frameborder=\"0\" marginwidth=\"0\" marginheight=\"0\" scrolling=\"no\" class=\"wp-embedded-content\"><\/iframe><script type=\"text\/javascript\">\n\/* <![CDATA[ *\/\n\/*! This file is auto-generated *\/\n!function(d,l){\"use strict\";l.querySelector&&d.addEventListener&&\"undefined\"!=typeof URL&&(d.wp=d.wp||{},d.wp.receiveEmbedMessage||(d.wp.receiveEmbedMessage=function(e){var t=e.data;if((t||t.secret||t.message||t.value)&&!\/[^a-zA-Z0-9]\/.test(t.secret)){for(var s,r,n,a=l.querySelectorAll('iframe[data-secret=\"'+t.secret+'\"]'),o=l.querySelectorAll('blockquote[data-secret=\"'+t.secret+'\"]'),c=new RegExp(\"^https?:$\",\"i\"),i=0;i<o.length;i++)o[i].style.display=\"none\";for(i=0;i<a.length;i++)s=a[i],e.source===s.contentWindow&&(s.removeAttribute(\"style\"),\"height\"===t.message?(1e3<(r=parseInt(t.value,10))?r=1e3:~~r<200&&(r=200),s.height=r):\"link\"===t.message&&(r=new URL(s.getAttribute(\"src\")),n=new URL(t.value),c.test(n.protocol))&&n.host===r.host&&l.activeElement===s&&(d.top.location.href=t.value))}},d.addEventListener(\"message\",d.wp.receiveEmbedMessage,!1),l.addEventListener(\"DOMContentLoaded\",function(){for(var e,t,s=l.querySelectorAll(\"iframe.wp-embedded-content\"),r=0;r<s.length;r++)(t=(e=s[r]).getAttribute(\"data-secret\"))||(t=Math.random().toString(36).substring(2,12),e.src+=\"#?secret=\"+t,e.setAttribute(\"data-secret\",t)),e.contentWindow.postMessage({message:\"ready\",secret:t},\"*\")},!1)))}(window,document);\n\/\/# sourceURL=https:\/\/www.iam.ch\/wp-includes\/js\/wp-embed.min.js\n\/* ]]> *\/\n<\/script>\n","thumbnail_url":"https:\/\/www.iam.ch\/wp-content\/uploads\/2017\/03\/IAMcycling_Kristof_Goddaert_01.jpg","thumbnail_width":2000,"thumbnail_height":1175,"description":"Die Familie, Freunde und auch eine rund 40-k\u00f6pfige Delegation von IAM Cycling, angef\u00fchrt von Michel Th\u00e9taz, Gr\u00fcnder und General Manager des Teams, nahmen heute Morgen in der Kirche St. Paul (Sankt-Pauluskirche) in Antwerpen Abschied von Kristof Goddaert. Zu Tr\u00e4nen ger\u00fchrt erinnerte sich die Trauerg\u00e4ste in der voll besetzten Kirche an die guten Zeiten, die sie [&hellip;]"}

Die Familie, Freunde und auch eine rund 40-köpfige Delegation von IAM Cycling, angeführt von Michel Thétaz, Gründer und General Manager des Teams, nahmen heute Morgen in der Kirche St. Paul (Sankt-Pauluskirche) in Antwerpen Abschied von Kristof Goddaert. Zu Tränen gerührt erinnerte sich die Trauergäste in der voll besetzten Kirche an die guten Zeiten, die sie [&hellip;]
