{"version":"1.0","provider_name":"IAM Independent Asset Management","provider_url":"https:\/\/www.iam.ch\/de\/","title":"Das neue Leben von Marcel Wyss - IAM Independent Asset Management","type":"rich","width":600,"height":338,"html":"<blockquote class=\"wp-embedded-content\" data-secret=\"WQI3iwnKe5\"><a href=\"https:\/\/www.iam.ch\/de\/sponsoring\/iamcycling\/allnews\/das-neue-leben-von-marcel-wyss\/\">Das neue Leben von Marcel Wyss<\/a><\/blockquote><iframe sandbox=\"allow-scripts\" security=\"restricted\" src=\"https:\/\/www.iam.ch\/de\/sponsoring\/iamcycling\/allnews\/das-neue-leben-von-marcel-wyss\/embed\/#?secret=WQI3iwnKe5\" width=\"600\" height=\"338\" title=\"&#8220;Das neue Leben von Marcel Wyss&#8221; &#8212; IAM Independent Asset Management\" data-secret=\"WQI3iwnKe5\" frameborder=\"0\" marginwidth=\"0\" marginheight=\"0\" scrolling=\"no\" class=\"wp-embedded-content\"><\/iframe><script type=\"text\/javascript\">\n\/* <![CDATA[ *\/\n\/*! This file is auto-generated *\/\n!function(d,l){\"use strict\";l.querySelector&&d.addEventListener&&\"undefined\"!=typeof URL&&(d.wp=d.wp||{},d.wp.receiveEmbedMessage||(d.wp.receiveEmbedMessage=function(e){var t=e.data;if((t||t.secret||t.message||t.value)&&!\/[^a-zA-Z0-9]\/.test(t.secret)){for(var s,r,n,a=l.querySelectorAll('iframe[data-secret=\"'+t.secret+'\"]'),o=l.querySelectorAll('blockquote[data-secret=\"'+t.secret+'\"]'),c=new RegExp(\"^https?:$\",\"i\"),i=0;i<o.length;i++)o[i].style.display=\"none\";for(i=0;i<a.length;i++)s=a[i],e.source===s.contentWindow&&(s.removeAttribute(\"style\"),\"height\"===t.message?(1e3<(r=parseInt(t.value,10))?r=1e3:~~r<200&&(r=200),s.height=r):\"link\"===t.message&&(r=new URL(s.getAttribute(\"src\")),n=new URL(t.value),c.test(n.protocol))&&n.host===r.host&&l.activeElement===s&&(d.top.location.href=t.value))}},d.addEventListener(\"message\",d.wp.receiveEmbedMessage,!1),l.addEventListener(\"DOMContentLoaded\",function(){for(var e,t,s=l.querySelectorAll(\"iframe.wp-embedded-content\"),r=0;r<s.length;r++)(t=(e=s[r]).getAttribute(\"data-secret\"))||(t=Math.random().toString(36).substring(2,12),e.src+=\"#?secret=\"+t,e.setAttribute(\"data-secret\",t)),e.contentWindow.postMessage({message:\"ready\",secret:t},\"*\")},!1)))}(window,document);\n\/\/# sourceURL=https:\/\/www.iam.ch\/wp-includes\/js\/wp-embed.min.js\n\/* ]]> *\/\n<\/script>\n","thumbnail_url":"https:\/\/www.iam.ch\/wp-content\/uploads\/2017\/03\/IAMcycling_Marcel_Wyss.jpg","thumbnail_width":1980,"thumbnail_height":1320,"description":"\u00abDie Fl\u00e8che Wallonne ist ein sch\u00f6nes aber auch sehr nerv\u00f6ses Eintagesrennen. Zudem ist es eine gute Vorbereitung f\u00fcr die Tour de Romandie.\u00bb Marcel Wyss\u00a0geniesst den Moment, als er von seinem ersten diesj\u00e4hrigen Rennen in den Ardennen spricht. \u00abHier an diesem Rennen habe ich bereits zweimal teilgenommen. Und beide Male war ich am Schluss noch dabei, [&hellip;]"}

«Die Flèche Wallonne ist ein schönes aber auch sehr nervöses Eintagesrennen. Zudem ist es eine gute Vorbereitung für die Tour de Romandie.» Marcel Wyss geniesst den Moment, als er von seinem ersten diesjährigen Rennen in den Ardennen spricht. «Hier an diesem Rennen habe ich bereits zweimal teilgenommen. Und beide Male war ich am Schluss noch dabei, [&hellip;]
