{"version":"1.0","provider_name":"IAM Independent Asset Management","provider_url":"https:\/\/www.iam.ch\/de\/","title":"IAM Cycling hebt den Kopf in Rotterdam - IAM Independent Asset Management","type":"rich","width":600,"height":338,"html":"<blockquote class=\"wp-embedded-content\" data-secret=\"KvnM4A0Jn8\"><a href=\"https:\/\/www.iam.ch\/de\/sponsoring\/iamcycling\/allnews\/iam-cycling-hebt-den-kopf-in-rotterdam\/\">IAM Cycling hebt den Kopf in Rotterdam<\/a><\/blockquote><iframe sandbox=\"allow-scripts\" security=\"restricted\" src=\"https:\/\/www.iam.ch\/de\/sponsoring\/iamcycling\/allnews\/iam-cycling-hebt-den-kopf-in-rotterdam\/embed\/#?secret=KvnM4A0Jn8\" width=\"600\" height=\"338\" title=\"&#8220;IAM Cycling hebt den Kopf in Rotterdam&#8221; &#8212; IAM Independent Asset Management\" data-secret=\"KvnM4A0Jn8\" frameborder=\"0\" marginwidth=\"0\" marginheight=\"0\" scrolling=\"no\" class=\"wp-embedded-content\"><\/iframe><script type=\"text\/javascript\">\n\/* <![CDATA[ *\/\n\/*! This file is auto-generated *\/\n!function(d,l){\"use strict\";l.querySelector&&d.addEventListener&&\"undefined\"!=typeof URL&&(d.wp=d.wp||{},d.wp.receiveEmbedMessage||(d.wp.receiveEmbedMessage=function(e){var t=e.data;if((t||t.secret||t.message||t.value)&&!\/[^a-zA-Z0-9]\/.test(t.secret)){for(var s,r,n,a=l.querySelectorAll('iframe[data-secret=\"'+t.secret+'\"]'),o=l.querySelectorAll('blockquote[data-secret=\"'+t.secret+'\"]'),c=new RegExp(\"^https?:$\",\"i\"),i=0;i<o.length;i++)o[i].style.display=\"none\";for(i=0;i<a.length;i++)s=a[i],e.source===s.contentWindow&&(s.removeAttribute(\"style\"),\"height\"===t.message?(1e3<(r=parseInt(t.value,10))?r=1e3:~~r<200&&(r=200),s.height=r):\"link\"===t.message&&(r=new URL(s.getAttribute(\"src\")),n=new URL(t.value),c.test(n.protocol))&&n.host===r.host&&l.activeElement===s&&(d.top.location.href=t.value))}},d.addEventListener(\"message\",d.wp.receiveEmbedMessage,!1),l.addEventListener(\"DOMContentLoaded\",function(){for(var e,t,s=l.querySelectorAll(\"iframe.wp-embedded-content\"),r=0;r<s.length;r++)(t=(e=s[r]).getAttribute(\"data-secret\"))||(t=Math.random().toString(36).substring(2,12),e.src+=\"#?secret=\"+t,e.setAttribute(\"data-secret\",t)),e.contentWindow.postMessage({message:\"ready\",secret:t},\"*\")},!1)))}(window,document);\n\/\/# sourceURL=https:\/\/www.iam.ch\/wp-includes\/js\/wp-embed.min.js\n\/* ]]> *\/\n<\/script>\n","thumbnail_url":"https:\/\/www.iam.ch\/wp-content\/uploads\/2017\/03\/WPC_b-copie.jpg","thumbnail_width":2000,"thumbnail_height":1333,"description":"Die World Ports Classic endete mit einen Etappensieg durch Ramon Sinkeldam (Giant Shimano) und dem Gesamtsieg von Th\u00e9o Bos (Belkin). Die zwei Etappen wurden zwischen den H\u00e4fen von Antwerpen und Rotterdam ausgef\u00fchrt. Nachdem bei IAM Cycling gestern \u00fcberhaupt nichts lief, richteten sich die K\u00f6pfe bei der Schweizer Mannschaft heute wieder. Die Equipe mit ProContinental-Status k\u00e4mpfte [&hellip;]"}

Die World Ports Classic endete mit einen Etappensieg durch Ramon Sinkeldam (Giant Shimano) und dem Gesamtsieg von Théo Bos (Belkin). Die zwei Etappen wurden zwischen den Häfen von Antwerpen und Rotterdam ausgeführt. Nachdem bei IAM Cycling gestern überhaupt nichts lief, richteten sich die Köpfe bei der Schweizer Mannschaft heute wieder. Die Equipe mit ProContinental-Status kämpfte [&hellip;]
