{"version":"1.0","provider_name":"IAM Independent Asset Management","provider_url":"https:\/\/www.iam.ch\/de\/","title":"IAM Cycling zu dritt in Fully - IAM Independent Asset Management","type":"rich","width":600,"height":338,"html":"<blockquote class=\"wp-embedded-content\" data-secret=\"8FznivdK3z\"><a href=\"https:\/\/www.iam.ch\/de\/sponsoring\/iamcycling\/allnews\/iam-cycling-zu-dritt-in-fully\/\">IAM Cycling zu dritt in Fully<\/a><\/blockquote><iframe sandbox=\"allow-scripts\" security=\"restricted\" src=\"https:\/\/www.iam.ch\/de\/sponsoring\/iamcycling\/allnews\/iam-cycling-zu-dritt-in-fully\/embed\/#?secret=8FznivdK3z\" width=\"600\" height=\"338\" title=\"&#8220;IAM Cycling zu dritt in Fully&#8221; &#8212; IAM Independent Asset Management\" data-secret=\"8FznivdK3z\" frameborder=\"0\" marginwidth=\"0\" marginheight=\"0\" scrolling=\"no\" class=\"wp-embedded-content\"><\/iframe><script type=\"text\/javascript\">\n\/* <![CDATA[ *\/\n\/*! This file is auto-generated *\/\n!function(d,l){\"use strict\";l.querySelector&&d.addEventListener&&\"undefined\"!=typeof URL&&(d.wp=d.wp||{},d.wp.receiveEmbedMessage||(d.wp.receiveEmbedMessage=function(e){var t=e.data;if((t||t.secret||t.message||t.value)&&!\/[^a-zA-Z0-9]\/.test(t.secret)){for(var s,r,n,a=l.querySelectorAll('iframe[data-secret=\"'+t.secret+'\"]'),o=l.querySelectorAll('blockquote[data-secret=\"'+t.secret+'\"]'),c=new RegExp(\"^https?:$\",\"i\"),i=0;i<o.length;i++)o[i].style.display=\"none\";for(i=0;i<a.length;i++)s=a[i],e.source===s.contentWindow&&(s.removeAttribute(\"style\"),\"height\"===t.message?(1e3<(r=parseInt(t.value,10))?r=1e3:~~r<200&&(r=200),s.height=r):\"link\"===t.message&&(r=new URL(s.getAttribute(\"src\")),n=new URL(t.value),c.test(n.protocol))&&n.host===r.host&&l.activeElement===s&&(d.top.location.href=t.value))}},d.addEventListener(\"message\",d.wp.receiveEmbedMessage,!1),l.addEventListener(\"DOMContentLoaded\",function(){for(var e,t,s=l.querySelectorAll(\"iframe.wp-embedded-content\"),r=0;r<s.length;r++)(t=(e=s[r]).getAttribute(\"data-secret\"))||(t=Math.random().toString(36).substring(2,12),e.src+=\"#?secret=\"+t,e.setAttribute(\"data-secret\",t)),e.contentWindow.postMessage({message:\"ready\",secret:t},\"*\")},!1)))}(window,document);\n\/\/# sourceURL=https:\/\/www.iam.ch\/wp-includes\/js\/wp-embed.min.js\n\/* ]]> *\/\n<\/script>\n","thumbnail_url":"https:\/\/www.iam.ch\/wp-content\/uploads\/2017\/03\/IAMcycling_fully_group.jpg","thumbnail_width":1980,"thumbnail_height":759,"description":"W\u00e4hrend eine motivierte Auswahl von IAM Cycling am Sonntag \u00fcber die Kopfsteinpflaster in der H\u00f6lle des Nordens unterwegs ist, starten am 7. April drei junge Schweizer am selben Tag beim 47. Prix des Vins Henri Valloton in Fully im Wallis. S\u00e9bastien Reichenbach, Mitglied und erster Profi in der Geschichte des organisierenden Veloclubs Excelsior Martigny, startet [&hellip;]"}

Während eine motivierte Auswahl von IAM Cycling am Sonntag über die Kopfsteinpflaster in der Hölle des Nordens unterwegs ist, starten am 7. April drei junge Schweizer am selben Tag beim 47. Prix des Vins Henri Valloton in Fully im Wallis. Sébastien Reichenbach, Mitglied und erster Profi in der Geschichte des organisierenden Veloclubs Excelsior Martigny, startet [&hellip;]
